he hundreds digit of q(v)?
1
Let o(v) = 14*v**2 - 5*v - 20. What is the thousands digit of o(9)?
1
Let y = -23 - -27. Let b be (6/4)/(1/12). Suppose 84 = 5*k - 4*m, 50 + b = y*k - 3*m. What is the units digit of k?
0
What is the tens digit of ((-130)/8)/((-34)/136)?
6
Let m be (-895 + -5 + -6)*1/(-3). Suppose -m = -r - r. What is the units digit of r?
1
Suppose y = -2*y - 2001. Let s = 985 + y. Suppose -6*u + 0*u = -s. What is the units digit of u?
3
Let v(h) be the second derivative of -h**5/20 + h**4/4 - 7*h**3/6 + 3*h**2 + 9*h. Let c be v(4). Let d = -19 - c. What is the units digit of d?
9
Let a be (-2*82)/(-2) + 0. Suppose 0 = -2*r + 6, -4*g - 3*r = -5*r - a. Let y = g - 2. What is the units digit of y?
0
Suppose -19 = z - 483. Suppose -18*n = -10*n - z. What is the tens digit of n?
5
Let n = -29 - -33. Suppose -8*w + 100 = -n*w. What is the units digit of w?
5
Let t = 1279 - 281. What is the tens digit of t?
9
Let i(h) = -4*h**3 + h**2 - h - 1. Let x be i(-1). Let z(d) = -x*d - 7*d - d**2 - 5 + 0. What is the tens digit of z(-6)?
3
Let z = 49 - 39. Suppose -5*p - 30 = z. What is the units digit of (-371)/p + (-15)/40?
6
Suppose o - 30 = -2*w, -4*o + w = -159 + 3. What is the units digit of 2*o + -6 + 2?
2
Let x(j) = j**3 - 10*j**2 - 6. Suppose 3*k - 20 = k. Let y be x(k). Let b = y + 15. What is the units digit of b?
9
Let b = -3521 + 6426. What is the hundreds digit of b?
9
Let d(f) = -7*f - 7. Let y(t) = t + 1. Let a(s) = d(s) + 6*y(s). Let w be a(-1). Suppose 137 = 4*j + 3*u, w*j - 5*u = 5*j - 175. What is the units digit of j?
2
Suppose 7748 = 26*n - 0*n. What is the hundreds digit of n?
2
Suppose 7 = -2*y + 11. Suppose 14 = -d - y. Let g = 35 + d. What is the tens digit of g?
1
Suppose -5*d + 2*v + 7 = -0*v, 2*d - 26 = -5*v. Suppose 8 = k - 2*x - d, k = -x + 2. Suppose -4*a = -k*a + 29. What is the units digit of a?
9
What is the hundreds digit of 4/(-46) + (-30255)/(-115)?
2
Suppose -2*h + 9 + 5 = -4*s, 0 = -h + 5*s + 13. Suppose 5*o - 475 = -3*l, -403 + 118 = -h*o + l. What is the units digit of o?
5
Let y be -3*21/(-9) + -2. Suppose 95 = y*g - 85. What is the tens digit of g?
3
Let m = 3 + -8. Let j = 10 + m. Suppose 37 = j*g - 78. What is the tens digit of g?
2
Let x = 171 + 145. What is the hundreds digit of x?
3
Let c(s) = 2 + s**2 + 6 - 5*s + 4*s + 8*s. Let p be c(-6). Suppose o + p*d - 20 = -0*o, -52 = -3*o + 2*d. What is the units digit of o?
8
Suppose -19*w + 6104 + 67236 = 0. What is the thousands digit of w?
3
Let n(d) be the first derivative of -d**4/4 - 26*d**3/3 - 25*d**2/2 + 3*d - 8. What is the units digit of n(-25)?
3
Let l = 36 + -36. Suppose 3*h - 3*q - 150 = 0, 0 = -3*h - l*q - 5*q + 150. What is the units digit of h?
0
Suppose 2*s = -5*z + 13, -5 = -z + 3*s + 1. Suppose 0 = -2*l - z*l + 200. Suppose l - 4 = 2*q. What is the units digit of q?
8
Suppose 5*f - 3*k + 0 = 12, 0 = 2*f - 2*k - 8. Let c be (-126)/1 - (0 + f). What is the tens digit of -2 + (c/3)/(-2)?
1
Let w be (-150)/(-9)*11*3. Suppose -5*m - 135 = -w. What is the tens digit of m?
8
What is the hundreds digit of (-195)/((-46)/161 - (-5)/(-7))?
1
Suppose -4*a + 608 = -4*x, -3*a + 562 = x + 110. What is the units digit of a?
1
Let p be (6/5)/((-8)/(-200)). Let m = p + -27. Suppose -104 = -m*s + 37. What is the units digit of s?
7
Let m = 1808 - 1211. What is the tens digit of m?
9
Suppose 3*t + 98 - 638 = 0. Suppose -3*u = -2*u + 2*r - 58, -4*u + 5*r + t = 0. What is the units digit of u?
0
Let z be ((-3)/4)/((-36)/96). Suppose -z*n = 2*n - 24. What is the units digit of n?
6
Suppose 483 = 8*u - 93. Suppose -2*q = -5*y - 180, 5*q + 2*y - u = 4*q. What is the units digit of q?
0
Suppose 247*u - 2720 = 242*u. What is the hundreds digit of u?
5
What is the hundreds digit of 1/2 + 39429/18?
1
Let d(o) = o - 6. Let u be d(12). Suppose -u - 2 = 4*h. What is the units digit of ((h - -3) + -2)*-11?
1
Let i(l) = 3 - 6*l**3 + 5*l**3 + 70*l**3 - 4 + l. What is the tens digit of i(1)?
6
What is the units digit of 13777/(-69)*(-4 - -1)?
9
Suppose -4*i = f - 8*i - 253, 3*i = -2*f + 495. What is the tens digit of f?
4
What is the tens digit of (48/(-240))/((-1)/3295)?
5
Let z = 1510 + -237. What is the hundreds digit of z?
2
Let i be (-3 + 5/2)/((-1)/2). Suppose -5*s + 3*u = -7 - 4, -s - u - i = 0. What is the units digit of s?
1
What is the thousands digit of (-16)/(-12)*(-6 + (-18885)/(-10))?
2
Let f = -50 + 13. Let r = 48 - 74. Let q = r - f. What is the units digit of q?
1
Let f = 201 + -126. Suppose 10*q - f = 7*q. What is the units digit of q?
5
Let a be 0 + 1 - 95/(-5). Suppose -2*j + 0*j = -2*w + 14, -2*w = 2*j + 6. Let n = a - j. What is the tens digit of n?
2
Let j = -65 - -177. What is the units digit of (-4)/(-6) + j/3?
8
Let y(u) = -u**3 - 2*u**2 + 8*u - 3. Suppose 3 + 12 = -3*s. What is the tens digit of y(s)?
3
Let s be (-9)/((-36)/8)*(-1)/2. Let t = -8 - -6. What is the tens digit of (-2 - s)*(t - 11)?
1
Let b(c) = 9*c - 7. Let w be b(6). Let g = w - 13. Suppose -g = -5*t + 46. What is the units digit of t?
6
Let o be (-33)/(-44) - 1/(-4). Let k(b) be the second derivative of 13*b**5/20 + b**3/6 - b. What is the tens digit of k(o)?
1
Let h(l) = 4*l**2 - 3*l + 2. Let q be h(4). Let v be ((-3)/9)/((-6)/q). Suppose -v*z + 39 = -27. What is the units digit of z?
2
Suppose 3864 = 52*k - 44*k. What is the tens digit of k?
8
Suppose -5*o = -89 - 16. What is the hundreds digit of (-1680)/(-9) + 3 + 7/o?
1
Let q(n) = 36*n**2 + 7*n + 39. What is the units digit of q(-5)?
4
Let n = 15 + -17. Let d be n + 1 - (-28 - -7). Suppose a - d - 3 = 0. What is the tens digit of a?
2
What is the units digit of 6*(-10552)/(-112) - 4/14?
5
Let m = 72 - 51. Suppose -4 = -5*u + m. Suppose -8*h = -u*h - 39. What is the units digit of h?
3
Suppose 0 = d - 5*t - 893, -5*d - 7*t = -6*t - 4439. What is the units digit of d?
8
Let m(a) = 6*a + 10*a**2 + a**3 + 20 - a**3 - a**3 - 17*a. What is the units digit of m(8)?
0
Let v(w) = -w**3 + 3*w**2 - w + 69. Let m be v(0). What is the tens digit of m/(4/24*9)?
4
Let s be 4 + (-3 - -3) - 0. Suppose -s*k - 7*m = -2*m - 224, 5*k - 280 = 3*m. What is the units digit of k?
6
Suppose -36*a + 11924 = -2296. What is the units digit of a?
5
Let q be 4 + (-4 - 3) - -5. Suppose 3*a = q*j + 139, -3*a = -5*a - 4*j + 114. Let d = a + -34. What is the units digit of d?
5
Let l be 4/(-3) - (-10)/3. Suppose l*p - 5*v = 132, -p = 2*v - 31 - 17. What is the tens digit of p?
5
Let s = -1861 + 2711. What is the units digit of s?
0
Let w(n) be the third derivative of n**6/360 - 11*n**5/120 + n**4/12 - 6*n**2. Let c(y) be the second derivative of w(y). What is the units digit of c(7)?
3
Suppose 19 + 21 = -8*b. What is the hundreds digit of (9 - -6)*(1 - 57/b)?
1
Suppose -4*x + x = 0. Suppose 5*m - 3*m - 6 = x. Suppose n = v + 6 - 30, -4*v + 93 = -m*n. What is the tens digit of v?
2
Suppose 18*x = 23*x. Suppose x*w - 2*m = 3*w - 201, -3*m + 74 = w. What is the units digit of w?
5
Let o be -4*(-15)/(-24)*-2. Let z be ((-2)/o + 1)*5. Suppose -z*k + 26 = -40. What is the units digit of k?
2
Suppose -5*d + 100 = -5*g, 0*g = -4*g + 3*d - 80. Let z = 22 + g. Let a(f) = -f**3 + 5*f**2 - 4*f + 2. What is the units digit of a(z)?
6
Suppose -140 = -5*u - 525. Let l = u - -137. What is the tens digit of l?
6
Suppose v = 3*k + 30, 30 + 4 = v - 2*k. Let a = 70 - v. Suppose 3*h = -h - 2*t + 58, -2*t = 2*h - a. What is the units digit of h?
5
Suppose -2*r = -3*j + 3619, 0 = 5*j - 3*r + 3541 - 9571. What is the units digit of j?
3
Let i(j) = 211*j**3 - 2*j + 2. Let b be i(1). Let t = b + -55. What is the hundreds digit of t?
1
Let u(a) = 851*a**2 + 12*a + 11. Let k be u(-1). Let l = k - 566. What is the tens digit of l?
8
Let k(f) be the second derivative of -1/6*f**3 + 1/12*f**4 - 7/2*f**2 - 10*f + 0. What is the tens digit of k(-5)?
2
What is the tens digit of 213/497 + (-6154)/(-14)?
4
Let g(j) = -j**3 - 24*j**2 + 58*j + 91. What is the hundreds digit of g(-28)?
6
Let a = -108 - -117. Suppose -11*p + a*p = -92. What is the units digit of p?
6
Let j = -9 + 16. Let g(l) = -4*l + 52. Let d be g(13). Suppose d = j*v - 2*v - 45. What is the units digit of v?
9
Let d be 2/(-6) - (-1456)/21. Let v = d + -6. What is the tens digit of v?
6
What is the tens digit of -6*(-410)/1